tor of 40 and n?
5
Let t be 2/(16/6 - 2). Suppose t*l - 52 - 23 = 0. Suppose h - 5*a + 19 = 0, 5*h = a - 0*a + l. What is the highest common divisor of h and 12?
6
Let w = -6 - -18. Let c = 16 + w. Calculate the highest common divisor of c and 4.
4
Let v = 11 - -97. Let t(q) = 11*q + 1. Let l be t(1). What is the greatest common factor of v and l?
12
Let g = -10 + 25. What is the greatest common factor of 6 and g?
3
Suppose -4*o + 2*a - 26 = 0, 4*o + 3*a = -0*o - 31. Let u be (o/4)/((-1)/12). Calculate the greatest common divisor of 14 and u.
7
Let l = 151 + -31. Suppose 0*f = 3*f - l. Suppose -4*r + 0*c + 32 = 3*c, -3*r = 4*c - 31. Calculate the highest common divisor of r and f.
5
Let j(v) = v**2 + 5*v + 36. Let d be j(-8). Calculate the greatest common factor of d and 40.
20
Let g be 3/((-24)/9 - -3). Calculate the greatest common divisor of 81 and g.
9
Let v = -80 + 157. What is the greatest common divisor of v and 7?
7
Let y be (-3 + 5)*(-1 - -5). What is the greatest common divisor of y and 24?
8
Suppose 4*j + 0*j = -w + 17, 0 = 5*w - 5. Let b be 8/32 + 143/j. Calculate the highest common factor of 9 and b.
9
Let b be (-3)/(-5) - 21/(-15). Suppose 4*l - 264 = -b*o, 3*l + 243 = 2*o - 0*l. Calculate the greatest common divisor of 18 and o.
18
Let y(p) be the first derivative of 3 + 9*p - 9/2*p**2 + 2/3*p**3. Let a be y(7). What is the highest common factor of a and 11?
11
Let j(v) = 6*v**2 - 2*v + 1. Let r be j(1). Suppose r*d = 107 - 2. Let s be 2/(-3) - 11/(-3). What is the highest common divisor of d and s?
3
Let x = -53 - -113. What is the greatest common divisor of x and 12?
12
Let h(o) = 40*o + 6. Let s be h(-4). Let u = s + 254. Calculate the highest common factor of 40 and u.
20
Suppose 0 = -4*l - 12*l + 480. What is the greatest common divisor of 50 and l?
10
Suppose -825 = -5*h - 0*s + s, -2*h + 5*s + 330 = 0. Calculate the greatest common factor of 15 and h.
15
Let b = 178 - 82. Calculate the greatest common factor of b and 24.
24
Let a = -54 + 77. What is the greatest common factor of a and 46?
23
Suppose -3*b + 5*b - 70 = -5*p, 5*b = -2*p + 28. Let x be (-3)/(-8) - 109/(-8). What is the greatest common divisor of p and x?
14
Let y = 9 + 5. Let g be y - (1 - (-1 + 4)). Let k be ((-99)/6)/3*-32. What is the highest common factor of g and k?
16
Let o(p) = -2*p + 3. Suppose -4*y - 12 = -0*y. Let n be o(y). Calculate the greatest common divisor of 81 and n.
9
Suppose -4*v + 3*v + 60 = 0. Calculate the highest common factor of v and 40.
20
Let x be 12/1 - (3 - 2 - 1). Calculate the highest common factor of 108 and x.
12
Let l be -5 + 3 - 4/(-1). Calculate the highest common divisor of 2 and l.
2
Let n = 184 + -38. Suppose -4 = -h + n. Let i be 0/2 + 0 + 15. Calculate the highest common factor of i and h.
15
Let m = -4 - -3. Let w(o) = 10*o**2 - o - 1. Let z be w(m). Let p be (-4)/z - (-44)/10. What is the greatest common divisor of 8 and p?
4
Let t = 6 - 5. Calculate the highest common factor of t and 1.
1
Suppose 2*f - 2 = f. Suppose -f*g - 4 = 4*m, 5*g + 2*m - 45 = 3*m. Let s be g/(-6)*-1*12. Calculate the greatest common factor of 8 and s.
8
Let c be (-1*1)/((-2)/6). Let x(t) = -t + 5. Let a be x(c). Calculate the highest common factor of a and 14.
2
Let s(i) = -4*i - 2 - 2 + 0. Let p be s(-4). Let l = 9 + 3. What is the greatest common divisor of l and p?
12
Let l(u) = -u**2 + 5*u + 6. Let a be l(5). Let t be 2/((-4)/(-15))*a. Calculate the highest common factor of t and 15.
15
Let c = 103 + -33. What is the highest common divisor of c and 14?
14
Let r(y) = -y**2 + 9*y - 10. Let w be r(4). Let h(x) = -x**2 + 12*x - 6. Let n be h(6). Calculate the highest common factor of n and w.
10
Suppose -103 + 663 = 8*v. Let j(o) = -o**2 - o + 10. Let u be j(0). What is the highest common factor of v and u?
10
Let k = 1 + -1. Suppose -5*w + 3*g + 28 = 0, 2*w - 2*g - 12 = -k*g. Suppose i + 3*j = -1, w*i = 4*j + 34 + 37. What is the highest common divisor of 88 and i?
11
Suppose 4*y - 9*y - 30 = 0. Let n be 1/(3/y) + 10. Calculate the highest common factor of n and 1.
1
Suppose 10*z + 2 = 9*z. Let t(c) = 3*c**2 - 1. Let g be t(z). Calculate the highest common factor of g and 44.
11
Suppose -3*d + 24 = -2*j, -4*d = 2*j - 5*j - 33. Let m(x) = -x**2 + 3*x - 3. Let g be m(2). Let r = d + g. Calculate the greatest common factor of 25 and r.
5
Suppose 0 = -12*t + 8*t. Suppose t = 6*g - 36 - 228. Calculate the greatest common divisor of 11 and g.
11
Suppose -5*v - 10 = -3*r - 3*v, 0 = 5*r - 3*v - 16. Let a be (-12)/(-1*(3 - r)). Calculate the greatest common divisor of 3 and a.
3
Suppose -3*h = -4*c + 5 + 91, -c = 2*h - 24. Suppose 0 = -2*z + 3*z + 2*s + 4, -4*s - 26 = -z. Calculate the highest common divisor of c and z.
6
Let v = -1 + 10. Let k be (10 - v)*324/2. What is the greatest common factor of k and 27?
27
Let d be 51/(-1)*2/3. Let k = d + 54. What is the highest common factor of 40 and k?
20
Suppose 6 = 3*w - 9. Let y be (22/w)/((-1)/(-15)). Calculate the greatest common divisor of 6 and y.
6
Let r(s) = -9*s - 17. Let w be r(-8). What is the highest common divisor of 22 and w?
11
Let k = 26 + -19. Calculate the highest common divisor of k and 21.
7
Let t = -117 - -144. Let s(l) = 17*l**3 + 2*l - 1. Let x be s(1). Calculate the highest common factor of x and t.
9
Let i be 1/2 + (-214)/4. Let a = i + 75. Let q = a - -8. What is the highest common factor of 6 and q?
6
Suppose j = -3*m + 15, -4*j - 2*m + 7*m = -26. What is the greatest common divisor of 2 and j?
1
Let q = -1 - -6. Suppose -5*m - 2*t = -24, -3*m + q*t = m - 6. Let c = 22 - -6. What is the highest common factor of m and c?
4
Suppose 3*n - 5 = 4, 0 = 3*p - 5*n. Suppose -4*h - 22 = -3*s, s - 1 = h + p. Calculate the highest common divisor of s and 6.
2
Let l(u) = 30*u - 2. Let p be l(3). Suppose 2*g = 3*k + 8, 2*g + 31 = 5*g + 5*k. Let y = 4 + g. What is the highest common factor of y and p?
11
Let k be -1 - -63 - (-2 + 4). Let z = k + -34. What is the highest common factor of z and 13?
13
Suppose 0*j + 3*g - 43 = -j, 0 = -2*j + 4*g + 36. Calculate the highest common divisor of j and 4.
4
Suppose q = 4*g - 47, 2*q - 3 = 3*q. What is the greatest common divisor of g and 11?
11
Suppose 2*f + 5*b - 108 - 609 = 0, -f + 360 = 3*b. Suppose 0*c - 3*c = -f. Calculate the highest common factor of c and 13.
13
Let t be (3 - -3)*(-2)/(-3). Suppose -12 = 3*c - 0*c, c = -t*m + 156. What is the greatest common divisor of 8 and m?
8
Let w be 0 - (-1 - 0)*4. Let i = w - 2. Let s be (0/i)/(-1) + 26. What is the greatest common factor of s and 13?
13
Let q(n) = -n. Let j be q(5). Let o be 5/j + 2*7. Let z = 1 + o. Calculate the highest common factor of 2 and z.
2
Let z = -57 - -145. Calculate the greatest common divisor of z and 24.
8
Suppose -48 - 60 = -9*p. Suppose 80 = 5*j - 5*q, 5*j - 4*q - 52 = 2*j. What is the highest common factor of p and j?
12
Let z(s) = -s**3 + 17*s**2 - 28*s + 18. Let t be z(15). Suppose 62 + 226 = 4*a. What is the highest common factor of a and t?
24
Suppose 0 = 5*l + s - 24, 8*l + 3*s = 3*l + 32. Suppose 6*o - 4 = l*o. Let g be o + (6 - (3 - 3)). Calculate the greatest common factor of g and 88.
8
Let y = -1 + 3. Suppose 0 = -y*s + l + 130, -3*s - l + 325 = 2*s. Let i = 61 - 35. What is the highest common factor of s and i?
13
Let x be 3/(34/28 + -1). Suppose 1 = 3*q - x. Suppose q*o = 2*o + 6. What is the greatest common divisor of o and 22?
2
Let y = 63 + 22. Calculate the greatest common factor of y and 17.
17
Let l = -69 + 99. Suppose 0 = 3*d - l - 0. Calculate the greatest common factor of 80 and d.
10
Let f = 4 + 1. Suppose -f*t + 76 = -14. What is the highest common divisor of t and 198?
18
Let m(n) = n**3 + 5*n**2 + 2*n. Let r be m(-4). Let h be (-3)/(1 - -2) - -25. Let p be h/(-3)*1*-8. What is the highest common factor of p and r?
8
Let z be 7 - 10/4*-2. What is the greatest common factor of z and 12?
12
Suppose 8 = 5*x - 2. Suppose -2*c + 12 = x*c. Let w be 15/6 - c/(-2). Calculate the greatest common divisor of 36 and w.
4
Let g(i) = 2*i**3 + 3*i**2 + i - 1. Let k be g(-2). Let x = -1 - 1. Let n be (-1 - x)*(4 - k). Calculate the greatest common factor of 11 and n.
11
Let c be ((-32)/20)/((-4)/30). Let z = 76 + -46. What is the greatest common factor of 